of d?
2, 223
Let a(v) = -777*v + 371. List the prime factors of a(-14).
7, 1607
Suppose -20*f - 23 - 37 = 0. What are the prime factors of f + (-108)/(-45) + (-4303)/(-5)?
2, 5, 43
Suppose -g + 4*g - 13 = h, 0 = 5*g - h - 23. Suppose -g*t + 1234 = -521. List the prime factors of t.
3, 13
Let p = -3731 + 4435. What are the prime factors of p?
2, 11
Let r(b) = -25*b - 9. Let v be r(2). Let w = 54 + v. Let o(m) = -31*m + 27. What are the prime factors of o(w)?
2, 7, 13
Let o = -77 + 7524. List the prime factors of o.
11, 677
Let x(c) = -20*c - 1. Let l(q) = 22*q + 8. Let t(h) = 2*l(h) + 3*x(h). Let w = -3 - 1. What are the prime factors of t(w)?
7, 11
Let y(n) = -n**2 + 85*n + 2792. What are the prime factors of y(106)?
2, 283
Suppose -8*i = -0*i - 8. List the prime factors of 898*i/2 + (7 - 10).
2, 223
Let u = -48 - -50. Suppose -r - 28 = -u*r. Suppose -r - 76 = -d. List the prime factors of d.
2, 13
Let y(z) = -z**3 - 2*z**2 + 3*z. Let d be y(-3). Suppose d*u + 472 = u. List the prime factors of u.
2, 59
Let m = 13769 - 8195. List the prime factors of m.
2, 3, 929
Suppose 2*s - 6332 = 8598. What are the prime factors of s?
5, 1493
Let i = 711 - -547. Let s = -659 + i. What are the prime factors of s?
599
Let m = -221 + 474. Let o = 751 - m. List the prime factors of o.
2, 3, 83
Let w be (-7 + 6)*(0 + -2). Let k(i) = 28*i + 2*i**2 + 0*i**2 + 32 - 4*i**w + i**2. What are the prime factors of k(25)?
107
List the prime factors of (5584/44)/(12/726).
2, 11, 349
Let f be (-2 + -2 - -1)/(-1). Suppose -2*o - o + f*a - 144 = 0, -4 = -2*a. Let w = o + 214. What are the prime factors of w?
2, 3, 7
Suppose 3*y - 5*t = 9434, -3154 = -117*y + 116*y + 4*t. List the prime factors of y.
2, 3, 523
Let i = -26865 + 42617. What are the prime factors of i?
2, 11, 179
Suppose s = -0*s + 3. Let w(c) = -23*c**3 + 4*c**2 + 13*c + 10. Let z be w(-1). What are the prime factors of (-3204)/z*(-2)/s?
89
Suppose -161*t = -1151921 - 1577834. List the prime factors of t.
5, 3391
Suppose -53 = -35*l + 87. Suppose v - j = -6*j + 600, l*j + 16 = 0. List the prime factors of v.
2, 5, 31
Suppose 2*c - 7*c - 35 = 0. What are the prime factors of ((-6)/(-15))/(c/(-8890))?
2, 127
Suppose -5*x + 34404 = 4*l - 8*x, -3*l + 25803 = -2*x. What are the prime factors of l?
3, 47, 61
Let d be (-6)/(-1 - 1) - 95. Let i = d + 95. Suppose -4*c - i*m = -184, -7*c - 4*m = -2*c - 231. List the prime factors of c.
43
Suppose 4*c = -3*q + 169496, 46*c - 45*c - 3*q - 42389 = 0. What are the prime factors of c?
31, 1367
Let b(u) = -4*u**3 - 9*u**2 + 5*u. Let p be (-2)/1*(4 + -2 + 1). Let f be b(p). Suppose 6*c = -5*y + c + f, -3*y + 3*c = -336. What are the prime factors of y?
107
Let j = -1457 - -1459. Let c = -2 - -5. Suppose 5*g - 96 = -j*b, 167 = c*b - 3*g - g. List the prime factors of b.
53
Suppose -3 = -5*v - 8, 0 = -5*t - 4*v + 2811. Let l = t - 254. List the prime factors of l.
3, 103
Let h be (-1 + 11)/(-5) + (5 - -1). Suppose -10 = -2*x - h. List the prime factors of -1*(-3 - (x - -1)).
7
Let y(a) = 35*a**2 + 31 - 26*a + 29 + 3 - 29*a**2 + 5. List the prime factors of y(-11).
2, 3, 5
Suppose 4*y + 2*u - 506 = -0*u, y - 128 = u. Suppose 3*h - 5*r = -2*h + 320, y = 2*h - 3*r. Suppose -66*t = -h*t - 5. List the prime factors of t.
5
Let d(h) be the third derivative of -h**5/8 + 11*h**4/12 - 11*h**3/6 - h**2. Let r(z) be the first derivative of d(z). What are the prime factors of r(-6)?
2, 7
Let a = 1170 - 105. Suppose -3*w - a = -2*g, -10*w = -5*g - 5*w + 2670. List the prime factors of g.
3, 179
Let v(c) = 451*c - 548. What are the prime factors of v(41)?
3, 5981
Let n(v) = v**3 - 4*v**2 + 2*v - 6. Let i be n(4). Suppose -i*h + 7*h = 45. Suppose 222 + 660 = h*w. What are the prime factors of w?
2, 7
Let j be -339*(160/(-12))/5. Let b = 1602 - j. List the prime factors of b.
2, 349
Let s(q) = q**3 - q**2 - q + 4152. Let w be s(0). Suppose -10*a + w = -6*a. List the prime factors of a.
2, 3, 173
Let z = 1302 + -300. List the prime factors of 2/((40/z)/10).
3, 167
List the prime factors of (4/(24/(-1197)) - (9 - 4))*-160.
2, 5, 409
What are the prime factors of (-192)/832 + 619228/52?
2, 13, 229
Let f be (61 + -21)*(-4)/(-10). List the prime factors of (f/12)/(14/2457).
2, 3, 13
Suppose 25564 = -74*q + 78*q. List the prime factors of q.
7, 11, 83
Suppose -3279 = -23*c + 14753. What are the prime factors of c?
2, 7
Let u(k) = -2*k**2 + 3*k - 20. Let l be u(15). Suppose 2*d = 3*q - 6*q - 578, d + 2*q = -290. Let t = d - l. What are the prime factors of t?
139
Suppose 314352 = 4*g + 5*o + 111832, -151852 = -3*g + o. List the prime factors of g.
2, 5, 2531
Suppose -2*k + 4 = -32. Suppose -u = 2*n - 13 - k, 0 = 4*n + 3*u - 65. Suppose -28*p + 30*p = n. List the prime factors of p.
7
Let v be (-60)/(1 - (-1)/2). Let c = -35 - v. Suppose 3*l = -c*i + 97, 3*i + 203 = 5*l + i. What are the prime factors of l?
3, 13
Let f(s) = 32*s**2 - s - 1. Let p = 38 + -36. Suppose -p*z + 4 = 2*z. List the prime factors of f(z).
2, 3, 5
Let s(l) = -1879*l + 9024. List the prime factors of s(-39).
3, 5, 31, 59
Suppose 2*k - 2 = -r + 1, 15 = 5*k + r. Suppose -k*b - 4*s - 2908 = 0, -4*b + s - 2893 = -0*b. Let m = -458 - b. What are the prime factors of m?
2, 7, 19
Suppose 131*p - 1183859 - 1497711 = 0. List the prime factors of p.
2, 5, 23, 89
Suppose -3*f - 7 + 14 = c, c = 3*f - 5. Suppose 3*b + 10*u = 5*u + 2985, 4*u = f*b - 2012. List the prime factors of b.
2, 5
Let g be 1684 - ((-12)/4 + 7). Suppose g = 6*t + t. Suppose 0 = 5*f - 870 + t. What are the prime factors of f?
2, 3, 7
Suppose 0 = 133*c - 132*c - 39. Suppose -c*y = 9*y - 71472. What are the prime factors of y?
1489
Let z(a) = -a**2 + 21*a - 108. Let t be z(12). Suppose t = 6*s - 4557 - 279. List the prime factors of s.
2, 13, 31
Suppose 219 = -5*k + 29. Let c be -4 + (k/(-8) - (-30)/(-40)). Suppose -2*n + b = -5*n + 153, c = -4*n - 4*b + 212. List the prime factors of n.
2, 5
Let c be ((-78)/65)/((-73)/(-75) - 1). Let x = -1 + c. Suppose x = o - 6. List the prime factors of o.
2, 5
Suppose -76*o = -202*o + 205506. List the prime factors of o.
7, 233
Let k be (14/(-3))/(3/9*-1). Let r(p) = -p**3 + 13*p**2 + 11*p - 3. Let h be r(k). Let a = 135 + h. What are the prime factors of a?
2, 3, 5
Let z(s) = -s**2 + 11*s - 22. Let m be z(9). Let l be 0*(-1)/(m - -8). Suppose 317 = 4*a + 4*j - 3*j, -3*a - j + 239 = l. What are the prime factors of a?
2, 3, 13
Suppose 147*x - 106828 = 130*x. List the prime factors of x.
2, 1571
Let b(d) be the second derivative of d**4/6 - 17*d**3/6 + 27*d**2/2 + 4*d - 2. List the prime factors of b(12).
3, 37
Let i = 13 - 14. Let m be (-1 + (i/3)/(-1))*-6. Suppose j - 180 = -m*j. What are the prime factors of j?
2, 3
Let q(j) be the second derivative of 1/6*j**4 - 46 + j + 25/2*j**2 - 10/3*j**3. List the prime factors of q(10).
5
Let i(b) = -4*b + 40*b**2 + 0 + 19*b + 0 - 14*b. Let v(p) = p**3 + p**2 + p + 1. Let f be v(0). What are the prime factors of i(f)?
41
Suppose 0*t - 5*n = 3*t - 17, -9 = 5*t - n. Let l be 12/1 + 0/t. Suppose 0 = 7*i - 16 - l. What are the prime factors of i?
2
Let d = 139 - 136. Suppose 0 = -u - 4*r + 247, d*u - 62*r - 805 = -58*r. List the prime factors of u.
263
Suppose 3*m - 106535 = 13*x - 11*x, -106531 = -3*m + 4*x. What are the prime factors of m?
17, 2089
Let u(j) = -87*j - 35. Let k be u(-1). Suppose 100 = -50*x + k*x. What are the prime factors of x?
2, 5
Let m = 9 + -9. Let n be (m/1)/(10/5). Suppose n = -5*r + 240 + 25. List the prime factors of r.
53
Suppose 15899 = -2*w - m + 41710, 3*m = -4*w + 51621. What are the prime factors of (3/6)/(9/w)?
3, 239
Let u be 289/6 - (-4)/(-24). Suppose -503 + u = -5*o. Let i = o + 5. What are the prime factors of i?
2, 3
Let l = 10657 + -960. List the prime factors of l.
9697
Suppose -2*k + 30562 = 6*r, -8*r = 3*k - 9*r - 45803. What are the prime factors of k?
15269
Let x = -7412 - -13325. What are the prime factors of x?
3, 73
Let q(j) = j**3 + 8*j**2 - 2*j - 14. Let m be q(-8). Let r(v) = v**3 - 9 + 14*v + 12*v**2 + 17 - m*v**3 + 4. What are the prime factors of r(12)?
2, 3, 5
Let g(j) = -194*j + 34. Let k be g(7). Let m = k - -2360. What are the prime factors of m?
2, 7, 37
Suppose 1 + 3 = f. Suppose -7 = -2*b - 5*x + 4, 2*b - 12 = -f*x. Suppose -5*r 